{"id":200,"date":"2020-03-23T19:03:48","date_gmt":"2020-03-23T19:03:48","guid":{"rendered":"http:\/\/schroetelervonbrandt.de\/?page_id=200"},"modified":"2020-03-23T19:03:48","modified_gmt":"2020-03-23T19:03:48","slug":"impressum","status":"publish","type":"page","link":"https:\/\/schroetelervonbrandt.de\/?page_id=200","title":{"rendered":"Impressum"},"content":{"rendered":"\n<p><strong>Impressum<\/strong><\/p>\n\n\n\n<p>Prof. Dr.-Ing. Hilde Schr\u00f6teler-von Brandt<br>Universit\u00e4t Siegen<br>Fakult\u00e4t II<br>Paul-Bonatz-Str. 9-11<br>57076 Siegen<\/p>\n\n\n\n<p>Verantwortliche Redakteurin: Prof. Dr. Hilde Schr\u00f6teler-von\nBrandt<\/p>\n\n\n\n<p>Nutzungsrechte: Die in der Website enthaltenen Textbeitr\u00e4ge\nund Abbildungen sind urheberrechtlich gesch\u00fctzt. Das Copyright liegt bei Prof.\nDr. Hilde Schr\u00f6teler-von Brandt. Alle Teile der Website unterliegen dem\nCopyright und sind urheberrechtlich als Datensammelwerk gesch\u00fctzt. Jede\nVerwertung bedarf der schriftlichen Zustimmung des Copyright-Inhabers.<\/p>\n\n\n\n<p>Haftungshinweis: Trotz sorgf\u00e4ltiger inhaltlicher Kontrolle\n\u00fcbernehmen wir keine Haftung f\u00fcr die Inhalte externer Links. F\u00fcr den Inhalt der\nverlinkten Seiten sind ausschlie\u00dflich deren Betreiber verantwortlich.<\/p>\n","protected":false},"excerpt":{"rendered":"<p>Impressum Prof. Dr.-Ing. Hilde Schr\u00f6teler-von BrandtUniversit\u00e4t SiegenFakult\u00e4t IIPaul-Bonatz-Str. 9-1157076 Siegen Verantwortliche Redakteurin: Prof. Dr. Hilde Schr\u00f6teler-von Brandt Nutzungsrechte: Die in der Website enthaltenen Textbeitr\u00e4ge und Abbildungen sind urheberrechtlich gesch\u00fctzt. Das Copyright liegt bei Prof. Dr. Hilde Schr\u00f6teler-von Brandt. Alle Teile der Website unterliegen dem Copyright und sind urheberrechtlich als Datensammelwerk gesch\u00fctzt. Jede Verwertung bedarf der &hellip; <\/p>\n<p class=\"link-more\"><a href=\"https:\/\/schroetelervonbrandt.de\/?page_id=200\" class=\"more-link\"><span class=\"screen-reader-text\">\u201eImpressum\u201c <\/span>weiterlesen<\/a><\/p>\n","protected":false},"author":3,"featured_media":0,"parent":0,"menu_order":0,"comment_status":"closed","ping_status":"closed","template":"","meta":{"footnotes":""},"class_list":["post-200","page","type-page","status-publish","hentry"],"_links":{"self":[{"href":"https:\/\/schroetelervonbrandt.de\/index.php?rest_route=\/wp\/v2\/pages\/200","targetHints":{"allow":["GET"]}}],"collection":[{"href":"https:\/\/schroetelervonbrandt.de\/index.php?rest_route=\/wp\/v2\/pages"}],"about":[{"href":"https:\/\/schroetelervonbrandt.de\/index.php?rest_route=\/wp\/v2\/types\/page"}],"author":[{"embeddable":true,"href":"https:\/\/schroetelervonbrandt.de\/index.php?rest_route=\/wp\/v2\/users\/3"}],"replies":[{"embeddable":true,"href":"https:\/\/schroetelervonbrandt.de\/index.php?rest_route=%2Fwp%2Fv2%2Fcomments&post=200"}],"version-history":[{"count":2,"href":"https:\/\/schroetelervonbrandt.de\/index.php?rest_route=\/wp\/v2\/pages\/200\/revisions"}],"predecessor-version":[{"id":202,"href":"https:\/\/schroetelervonbrandt.de\/index.php?rest_route=\/wp\/v2\/pages\/200\/revisions\/202"}],"wp:attachment":[{"href":"https:\/\/schroetelervonbrandt.de\/index.php?rest_route=%2Fwp%2Fv2%2Fmedia&parent=200"}],"curies":[{"name":"wp","href":"https:\/\/api.w.org\/{rel}","templated":true}]}}